 highest common divisor of 278 and 9035.
139
Calculate the greatest common divisor of 71050 and 14.
14
What is the greatest common factor of 140 and 10?
10
What is the greatest common divisor of 176 and 2024?
88
Calculate the greatest common factor of 2366 and 56.
14
What is the greatest common factor of 1178 and 76?
38
Calculate the highest common divisor of 1643 and 53.
53
Calculate the greatest common divisor of 39 and 22009.
13
What is the highest common factor of 336 and 96?
48
Calculate the highest common divisor of 245 and 35.
35
What is the highest common divisor of 2750 and 150?
50
Calculate the greatest common divisor of 136 and 187.
17
Calculate the highest common divisor of 133 and 11172.
133
What is the greatest common divisor of 152 and 260?
4
What is the highest common factor of 58 and 1798?
58
What is the highest common divisor of 5536 and 173?
173
Calculate the highest common divisor of 39 and 975.
39
What is the greatest common divisor of 8789 and 935?
187
Calculate the greatest common divisor of 2 and 5.
1
Calculate the greatest common divisor of 78 and 494.
26
Calculate the greatest common divisor of 36 and 25524.
36
What is the highest common factor of 118 and 885?
59
What is the highest common factor of 82 and 4346?
82
What is the highest common divisor of 6 and 762?
6
What is the greatest common factor of 90 and 150?
30
What is the greatest common factor of 12 and 1962?
6
What is the highest common factor of 77 and 33?
11
What is the greatest common factor of 17626 and 14?
14
What is the highest common divisor of 15 and 2760?
15
What is the greatest common divisor of 3712 and 96?
32
Calculate the greatest common factor of 1 and 168.
1
What is the highest common factor of 63 and 7?
7
Calculate the highest common divisor of 2 and 383.
1
Calculate the greatest common divisor of 245 and 10500.
35
Calculate the highest common factor of 22 and 3113.
11
What is the greatest common factor of 14552 and 136?
136
What is the highest common divisor of 11095 and 35?
35
Calculate the greatest common factor of 45 and 1335.
15
What is the greatest common divisor of 108 and 174?
6
Calculate the greatest common divisor of 604 and 16.
4
Calculate the greatest common factor of 651 and 56.
7
What is the highest common divisor of 22 and 42?
2
What is the greatest common divisor of 24 and 54?
6
What is the greatest common factor of 392 and 147?
49
Calculate the greatest common divisor of 20 and 12.
4
What is the greatest common factor of 4 and 138?
2
Calculate the greatest common factor of 160 and 90.
10
Calculate the highest common factor of 7263 and 108.
27
What is the greatest common divisor of 65 and 104?
13
What is the greatest common divisor of 1 and 1019?
1
What is the greatest common divisor of 27 and 810?
27
What is the greatest common factor of 28 and 9618?
14
Calculate the greatest common factor of 132 and 2034.
6
What is the greatest common divisor of 68 and 1292?
68
Calculate the greatest common factor of 39 and 10959.
39
What is the highest common factor of 247 and 57?
19
What is the greatest common divisor of 3 and 114?
3
Calculate the greatest common divisor of 3690 and 180.
90
Calculate the highest common divisor of 53 and 23267.
53
Calculate the greatest common factor of 595 and 5.
5
Calculate the greatest common divisor of 245 and 49.
49
What is the highest common divisor of 25 and 160?
5
What is the greatest common divisor of 60 and 354?
6
Calculate the greatest common divisor of 85 and 17.
17
Calculate the highest common divisor of 2 and 274.
2
What is the highest common factor of 84 and 372?
12
What is the highest common factor of 3290 and 70?
70
Calculate the highest common divisor of 14 and 154.
14
Calculate the greatest common divisor of 130 and 100.
10
What is the greatest common factor of 208 and 1196?
52
Calculate the greatest common factor of 168 and 1232.
56
What is the highest common divisor of 11375 and 100?
25
Calculate the greatest common divisor of 176 and 368.
16
What is the greatest common divisor of 292 and 25988?
292
Calculate the highest common divisor of 110 and 495.
55
Calculate the highest common divisor of 125 and 137.
1
Calculate the greatest common divisor of 44 and 2156.
44
Calculate the greatest common factor of 931 and 294.
49
What is the greatest common divisor of 848 and 10388?
212
What is the highest common divisor of 536 and 8?
8
What is the greatest common factor of 80 and 10800?
80
Calculate the greatest common divisor of 12 and 66.
6
What is the greatest common factor of 580 and 100?
20
What is the greatest common factor of 4 and 54?
2
What is the greatest common divisor of 1786 and 282?
94
Calculate the greatest common divisor of 171 and 285.
57
What is the highest common factor of 66 and 22?
22
What is the highest common divisor of 35 and 875?
35
Calculate the greatest common divisor of 1472 and 64.
64
Calculate the highest common divisor of 6377 and 21.
7
Calculate the highest common factor of 58 and 1334.
58
Calculate the greatest common factor of 510 and 60.
30
Calculate the greatest common divisor of 270 and 315.
45
What is the greatest common divisor of 581 and 913?
83
Calculate the greatest common divisor of 27 and 144.
9
Calculate the highest common divisor of 8 and 52.
4
Calculate the greatest common factor of 110 and 2530.
110
Calculate the highest common divisor of 1694 and 28.
14
Calculate the greatest common factor of 6080 and 24.
8
What is the highest common factor of 24 and 28836?
12
What is the highest common factor of 195 and 15?
15
Calculate the highest common divisor of 27 and 45.
9
What is the greatest common divisor of 2048 and 20?
4
What is the highest common divisor of 294 and 105?
21
Calculate the greatest common divisor of 2920 and 40.
40
Calculate the greatest common divisor of 257 and 20817.
257
Calculate the greatest common divisor of 12 and 36228.
12
What is the greatest common factor of 1309 and 231?
77
Calculate the greatest common factor of 135 and 4995.
135
Calculate the greatest common factor of 2786 and 133.
7
Calculate the greatest common divisor of 1914 and 66.
66
What is the greatest common divisor of 54 and 24?
6
What is the highest common divisor of 104 and 26?
26
Calculate the highest common factor of 195 and 156.
39
Calculate the highest common factor of 3653 and 130.
13
Calculate the greatest common divisor of 124 and 372.
124
What is the highest common divisor of 1718 and 6?
2
Calculate the highest common divisor of 29 and 8033.
29
What is the highest common factor of 1806 and 43?
43
Calculate the greatest common factor of 902 and 506.
22
What is the highest common factor of 255 and 1632?
51
What is the greatest common factor of 40 and 60?
20
Calculate the greatest common divisor of 84 and 651.
21
Calculate the greatest common divisor of 136 and 424.
8
What is the highest common factor of 144 and 522?
18
Calculate the greatest common factor of 187 and 255.
17
Calculate the greatest common divisor of 84 and 23772.
84
Calculate the greatest common factor of 558 and 992.
62
What is the greatest common factor of 225 and 17925?
75
What is the highest common divisor of 8530 and 80?
10
Calculate the greatest common divisor of 550 and 75.
25
Calculate the highest common divisor of 13231 and 202.
101
What is the greatest common factor of 27 and 21?
3
Calculate the greatest common factor of 94 and 14711.
47
Calculate the greatest common factor of 41 and 5.
1
Calculate the highest common factor of 27 and 7389.
9
What is the greatest common factor of 381 and 3?
3
Calculate the highest common divisor of 22 and 99.
11
Calculate the highest common factor of 189 and 783.
27
Calculate the greatest common factor of 8 and 64.
8
What is the greatest common factor of 1749 and 297?
33
What is the highest common factor of 38 and 1178?
38
What is the greatest common divisor of 371 and 848?
53
What is the greatest common divisor of 494 and 76?
38
Calculate the highest common divisor of 1089 and 63.
9
What is the highest common factor of 567 and 63?
63
Calculate the greatest common divisor of 2388 and 12.
12
What is the greatest common divisor of 288 and 1494?
18
Calculate the greatest common divisor of 2396 and 16.
4
Calculate the highest common divisor of 55 and 